1. Let k(h) = -2*g(h) - 3*w(h). What is k(m)?
1
Let i(g) = 3*g + 7. Let w(l) = 2*l + 4. Let t(o) = -6*i(o) + 10*w(o). Suppose -q = q. Suppose -6*h + 2*h - 8 = q. Give t(h).
-6
Let s(g) = g**3 + 10*g**2 + 8*g - 5. Let w be s(-9). Suppose w*y - 24 = -0*y. Let f(n) = -n - 3 + 3*n + y - n**2. Give f(-2).
-5
Let q(c) = 36*c + 0 - 9 - 21*c - 20*c + c**2. Calculate q(7).
5
Suppose j = 2*c - 2, 3*c - 3*j = -5*j - 4. Suppose -d - 2 + 3 = c. Let h be (2 + (-2)/d)/1. Let r(s) = -s**3 - s**2 + s. Determine r(h).
0
Let r(p) = p**3 - 3*p**2 - 2*p + 4. Let f = 9 + -5. Let a = f - 1. Determine r(a).
-2
Suppose -7*c + 2*c = -10. Let l(r) = 0*r - c + 1 - 6*r**2 - r**3 - 4*r. Give l(-5).
-6
Let d(p) = 4*p - 2. Let r = -95 + 89. Give d(r).
-26
Let h be (5/(-2))/((-1)/2). Let p(u) = -u + 5. Let d(j) = 4*j - 21. Let w(c) = 2*d(c) + 9*p(c). Determine w(h).
-2
Let q(r) be the third derivative of -r**7/1008 - r**5/15 + 6*r**2. Let t(x) be the third derivative of q(x). What is t(-1)?
5
Let g be -13 + 13 + 2/2. Let l(o) = 21*o + 1. What is l(g)?
22
Let h(m) be the third derivative of -m**7/2520 + m**6/120 - m**5/60 + m**4/12 + 3*m**2. Let y(n) be the second derivative of h(n). Give y(4).
6
Let f(s) be the third derivative of -s**6/120 + s**5/12 - s**4/6 + s**3/3 - 2*s**2. Suppose 0 = 2*y - 0 - 4. Suppose -y*z + 12 = 2*z. Determine f(z).
8
Let d(g) = 2*g + 2. Let c = -9 + 13. Suppose -2*a + c = -0*a. Suppose a*q + 8 = -2*q. Determine d(q).
-2
Let i(a) = -4*a - a - 4*a**2 - 27 + 4*a + 29. What is i(-2)?
-12
Let b(m) = 3 + 0*m + m + 9 - 10. Determine b(-6).
-4
Let i(w) = w**3 + 3*w**2 - w + 5. Let u = 4 + -8. Give i(u).
-7
Let s(f) = 5*f - 3. Let v be s(2). Let k(o) = 4 - o + 5 - v. What is k(5)?
-3
Let y(c) be the third derivative of -5/6*c**3 - 1/60*c**5 + 3/8*c**4 + 0 + 0*c + 5*c**2. Determine y(6).
13
Let v(w) = -w**2 - 8*w + 14. Let p be v(-9). Let c(q) = q**2 - 4*q + 2. Determine c(p).
7
Let x be (0/(-1))/((-7)/(-35)*-5). Let r(a) = -a**2 - a - 6. Determine r(x).
-6
Let a(x) = -x**2 + x - 6 + 0*x - 9*x**3 + 5 - 3*x. Determine a(-1).
9
Let j = -6 + -22. Let i be (16/j)/(4/(-14)). Suppose 0 = -i*q + q - 1. Let s(v) = -4*v**2 + v. Calculate s(q).
-5
Suppose -5*i = 5*g + 5, 3*g - 3*i + 5 = 2*g. Let j(f) be the second derivative of f**4/6 + 2*f**3/3 + f**2 + 8*f. Determine j(g).
2
Let w(i) be the second derivative of -i**6/360 + i**5/120 + i**4/12 - i. Let j(f) be the third derivative of w(f). Let h be (-2)/3 - (1 + 85/(-15)). Give j(h).
-7
Let h(s) = s**2 + s. Let t be h(-2). Let v(u) = 5*u**2 - 2*u - 3*u**t + 8*u. Suppose -f - 3*f - l = 16, -f + l = 4. Calculate v(f).
8
Let f = -29 - -45. Let j be 14/8 - 12/f. Let m(s) = -2 - s**2 - 2 + 3*s + j. Give m(4).
-7
Let q(m) = 12*m**3 + 2*m**2 - m + 3. Let t(r) = -49*r**3 - 9*r**2 + 5*r - 13. Let a(o) = -9*q(o) - 2*t(o). Give a(-1).
10
Let y(z) be the third derivative of -13*z**6/120 - z**5/60 - z**4/12 - z**3/6 - z**2. Let b(g) = -2*g + 35. Let d be b(18). Calculate y(d).
13
Let q(b) be the second derivative of 3*b**2 + 0 - 3*b + 1/12*b**4 - 5/6*b**3. Give q(4).
2
Let u(z) be the second derivative of z**4/12 - 5*z**3/6 - 2*z. Let a(f) = 3*f**2 + 1. Let h be 1*-2 + (-2 - -3). Let s be a(h). Calculate u(s).
-4
Let r(i) be the first derivative of 9*i**4/4 - i**3/3 - i**2/2 + i + 35. Give r(1).
8
Let c be (-12)/3 - (1 - 1). Let t(a) = 4*a + 2. Calculate t(c).
-14
Suppose 0 = 5*t - 19 - 6. Let r = -1 - -4. Let y(n) = 2*n**2 - n + 0*n**3 - 4 + r*n**2 - 3*n**3 + 2*n**3. Give y(t).
-9
Let n(k) = -2*k. Suppose g = -0*g - 3*d - 3, 0 = g - d - 9. Suppose g*y - 3 = 3*y. Let l be n(y). Let s(f) = -4*f - 2. Calculate s(l).
6
Let u be 124/6 + 2/(-3). Suppose 0 = -4*i + 3*m + 3, 2*m = 6*m + u. Let t(w) be the third derivative of -w**4/12 - 2*w**3/3 - w**2. Calculate t(i).
2
Let p(z) = -3*z**3 - 2*z**2 + 1. Suppose -w = -4*k - 2, 0*k - k = -4*w - 7. What is p(k)?
2
Suppose 0 = 5*t - 0*t + 10. Let r(f) be the third derivative of 0*f + 0 - 2*f**2 + 1/3*f**3 - 1/20*f**5 - 1/12*f**4. Give r(t).
-6
Suppose -o - 5 = -m, -4*o + 1 = -4*m + 7*m. Let a(w) = 3*w + 4. Determine a(m).
13
Let s(o) be the first derivative of -2*o**3/3 - o**2/2 - 18. Let p be 2/(-8) - 35/20. Give s(p).
-6
Let w(k) = k**2 + 6*k - 1. Let c = -2 + -2. Determine w(c).
-9
Let g(k) = k**3 + 3*k**2 - k. Let t = 24 - 27. What is g(t)?
3
Let h(u) be the second derivative of u**5/20 + 5*u**4/12 + u**3/2 - 2*u**2 - 16*u. Determine h(-4).
0
Suppose 0 = 5*j + 2*t - 8, 2*j + 0*t + 4*t = 0. Let w(c) = c**3 - 3*c + 2. What is w(j)?
4
Let l(s) = -s**2 + 1. Let t(x) = -3*x + 15. Let i be t(4). What is l(i)?
-8
Suppose 3*f = -9 + 3. Let o(x) = -x**2 - 3*x + 2. Determine o(f).
4
Let w(q) be the third derivative of 0 - 1/8*q**4 - 2*q**2 + 1/2*q**3 + 0*q. Determine w(3).
-6
Suppose -3*k + 3*r = -18, 3*k - 19 = 2*r - 4. Let l(i) = 4 + i - 4*i**2 + 3*i**2 + 0*i. What is l(k)?
-2
Let p(g) = 3*g**3 - g - 3*g**2 + 2*g**2 + 0*g**3 - 1. Suppose 0 = 2*k - 10, 6*v + 4*k = 5*v + 19. What is p(v)?
-4
Let d(u) = -20*u + 10*u + 2 + u - 3*u**2 + 5*u + 2*u**3. Calculate d(3).
17
Let v(y) = 2*y - 1. Let d(w) = w. Let r(g) = -3*d(g) - v(g). Give r(-1).
6
Let c(l) = -l**3 - l**2 + 3*l + 3. Let i be 2 - 1*(-1 + 6). Give c(i).
12
Let r(l) = l**2 - 2*l - 5*l - 5 + l. Let z = -1 + 8. Determine r(z).
2
Let r(n) = n**3 - 5*n**2 + 3*n + 4. Let k = 7 + -2. Suppose -k = 2*x + 1. Let s be (-2)/x*6 + 0. Calculate r(s).
0
Let j = -25 + 24. Let v(n) = -6*n**3 + n**2. Determine v(j).
7
Let n(b) = -b**3 + 2*b**2 + 4. Let j(d) = -d**3 + 3*d**2 - d + 5. Let w(u) = -5*j(u) + 6*n(u). Let l be (-39)/9 - (-3)/9. Give w(l).
-5
Let z(h) = -9*h**3 - 5*h**2 - 21*h. Let j = -5 - -11. Let b(g) = 5*g**3 + 3*g**2 + 11*g. Let s(r) = j*z(r) + 11*b(r). Determine s(-4).
4
Let m(s) be the third derivative of -s**5/60 - s**4/8 + s**3/2 + s**2. Suppose -2*p - 7 = -p. Let r = p - -4. Calculate m(r).
3
Let s(j) = -j. Let r be (-10)/(-25)*(1 + 9)*-1. Give s(r).
4
Let w be (4 - 8 - -3)*4. Let x(b) be the third derivative of 0*b + b**2 - 1/12*b**4 + 0*b**3 + 0. Give x(w).
8
Suppose -4*z = 3*q + 3, z + 2*q = -0*z - 2. Let s(f) = z + f + 1 - 4. Let j(y) = 5*y**3 - 2*y**2 + y. Let b be j(1). What is s(b)?
1
Let g(j) = -15*j**2 + 2*j + 3. Suppose 3*z - 11 = 4. Let u(f) = -11*f**2 + 2 - f + f**2 + 3*f - f. Let i(o) = z*g(o) - 8*u(o). Determine i(1).
6
Let f(t) = 9*t - 14*t + 0*t**2 + t**2 - 5. Calculate f(7).
9
Let n(y) = y + 7. Suppose -a = 2*a. Determine n(a).
7
Let n be 4*(-4)/(-10)*-5. Let i = 8 + n. Let t(z) = z**2 + z + 1. Let m(d) = -d**2 - d - 1. Let a(g) = 4*m(g) + 5*t(g). Calculate a(i).
1
Let l(s) = -s**3 - 4*s**2 + 5*s - 6. Let k be (10/3)/(34/(-51)). Give l(k).
-6
Let h(a) = -4*a**3 - 14*a**2 + 12*a - 1. Let y(p) = 5*p**3 + 15*p**2 - 12*p + 2. Let r(l) = -4*h(l) - 3*y(l). Give r(-12).
-2
Suppose l + 5*j - 27 = 0, l = -l - 2*j + 14. Let k(b) = b - 1. Let i(s) = -s**2 + 8*s - 1. Let y be (-1 + (3 - 1))*-1. Let r(n) = l*k(n) + y*i(n). What is r(5)?
-6
Let n(b) = b**2 + 7*b + 7. Let x = 4 + 9. Let k = -18 + x. Determine n(k).
-3
Let z(u) = -u**2 + 8*u - 12. Let x be z(8). Let w be ((-8)/3)/(4/x). Suppose 0 = 3*g - w*g. Let d(o) = o**2 + o + 1. What is d(g)?
1
Let j(i) be the first derivative of -i**4/4 - i**3 - i**2/2 - 2*i - 17. What is j(-3)?
1
Let y(n) = -n**2 - 2*n - 1. Suppose -14 = -0*k + 7*k. What is y(k)?
-1
Let w be ((-14)/21)/((-4)/30). Let o(u) = -8 - u - w*u**2 - 5*u + u**3 + u. Calculate o(6).
-2
Let y(g) be the third derivative of -g**7/1680 + g**6/720 + g**5/30 - g**2. Let p(j) be the third derivative of y(j). Let h = -7 - -6. Calculate p(h).
4
Let n be 2*(1 + 3 + -3). Let i(k) = -k**2 - k**3 - n*k**2 - 4 + 0 + 7*k**2. What is i(4)?
-4
Let u(s) = 7*s - 1. Let b(t) = 8*t. Let x(f) = -6*b(f) + 7*u(f). What is x(7)?
0
Let p(u) = 4*u**2 + 10*u + 2. Let x(w) = w**2 + 1. Let a(h) = -p(h) + 3*x(h). Determine a(-8).
17
Let t(a) be the second derivative of a**5/20 + a**4/4 - 2*a**3/3 + a**2/2 + a. Let j be 24/15*(-5)/(-1). Let c = j - 12. Give t(c).
1
Let v be 4/(-14) - (-5)/(-7). Let g(y) be the third derivative of y**2 + 0 + 1/60*y**5 + 1/120*y**6 + 0*y - 1/6*y**3 - 1/24*y**4. Give g(v).
0
Let w(p) = -p**3 + 525*p + 0*p**2 + 7 + 4*p**2 - 521*p. Give w(5).
2
Let t = 6 + -3. Let h(n) = -20*n**2 - 2*n - t + 3 + 14*n**2 - n**3. Calculate h(-